{"id":2820,"date":"2019-02-14T13:20:56","date_gmt":"2019-02-14T13:20:56","guid":{"rendered":"http:\/\/argukitchen.useful-pixels.com\/?page_id=2820"},"modified":"2024-05-15T17:48:35","modified_gmt":"2024-05-15T15:48:35","slug":"book-designe","status":"publish","type":"page","link":"https:\/\/interioredesign.ma\/?page_id=2820","title":{"rendered":"Devis"},"content":{"rendered":"<p>[vc_row equal_height=&#8221;yes&#8221; up_bg_fix=&#8221;yes&#8221; css=&#8221;.vc_custom_1553346701812{background-image: url(http:\/\/argukitchen.useful-pixels.com\/wp-content\/uploads\/2016\/01\/argup13.jpg?id=2731) !important;background-position: center !important;background-repeat: no-repeat !important;background-size: cover !important;}&#8221; up_overlay_row=&#8221;rgba(31,40,47,0.9)&#8221; el_class=&#8221;shadow&#8221;][vc_column width=&#8221;1\/2&#8243; el_class=&#8221;no padding&#8221; css=&#8221;.vc_custom_1551108904744{padding-top: 10% !important;padding-right: 6% !important;padding-bottom: 10% !important;padding-left: 6% !important;background-color: #ffffff !important;}&#8221;]\n<div class=\"wpcf7 no-js\" id=\"wpcf7-f1444-o1\" lang=\"en-US\" dir=\"ltr\" data-wpcf7-id=\"1444\">\n<div class=\"screen-reader-response\"><p role=\"status\" aria-live=\"polite\" aria-atomic=\"true\"><\/p> <ul><\/ul><\/div>\n<form action=\"\/index.php?rest_route=%2Fwp%2Fv2%2Fpages%2F2820#wpcf7-f1444-o1\" method=\"post\" class=\"wpcf7-form init\" aria-label=\"Contact form\" novalidate=\"novalidate\" data-status=\"init\">\n<fieldset class=\"hidden-fields-container\"><input type=\"hidden\" name=\"_wpcf7\" value=\"1444\" \/><input type=\"hidden\" name=\"_wpcf7_version\" value=\"6.1.5\" \/><input type=\"hidden\" name=\"_wpcf7_locale\" value=\"en_US\" \/><input type=\"hidden\" name=\"_wpcf7_unit_tag\" value=\"wpcf7-f1444-o1\" \/><input type=\"hidden\" name=\"_wpcf7_container_post\" value=\"0\" \/><input type=\"hidden\" name=\"_wpcf7_posted_data_hash\" value=\"\" \/>\n<\/fieldset>\n<div id=\"form2\">\n\t<h4>Your Contact Details\n\t<\/h4>\n\t<div id=\"left\">\n\t\t<p><span class=\"wpcf7-form-control-wrap\" data-name=\"your-name\"><input size=\"40\" maxlength=\"400\" class=\"wpcf7-form-control wpcf7-text wpcf7-validates-as-required\" aria-required=\"true\" aria-invalid=\"false\" placeholder=\"Votre Pr\u00e9nom\" value=\"\" type=\"text\" name=\"your-name\" \/><\/span><span class=\"wpcf7-form-control-wrap\" data-name=\"your-name-last\"><input size=\"40\" maxlength=\"400\" class=\"wpcf7-form-control wpcf7-text wpcf7-validates-as-required\" aria-required=\"true\" aria-invalid=\"false\" placeholder=\"Votre Nom\" value=\"\" type=\"text\" name=\"your-name-last\" \/><\/span><span class=\"wpcf7-form-control-wrap\" data-name=\"your-phone\"><input size=\"40\" maxlength=\"400\" class=\"wpcf7-form-control wpcf7-text wpcf7-validates-as-required\" aria-required=\"true\" aria-invalid=\"false\" placeholder=\"Num\u00e9ro de t\u00e9l\u00e9phone*\" value=\"\" type=\"text\" name=\"your-phone\" \/><\/span>\n\t\t<\/p>\n\t<\/div>\n\t<div id=\"right\">\n\t\t<p><span class=\"wpcf7-form-control-wrap\" data-name=\"your-email\"><input size=\"40\" maxlength=\"400\" class=\"wpcf7-form-control wpcf7-email wpcf7-validates-as-required wpcf7-text wpcf7-validates-as-email\" aria-required=\"true\" aria-invalid=\"false\" placeholder=\"Email\" value=\"\" type=\"email\" name=\"your-email\" \/><\/span><span class=\"wpcf7-form-control-wrap\" data-name=\"your-address\"><input size=\"40\" maxlength=\"400\" class=\"wpcf7-form-control wpcf7-text wpcf7-validates-as-required\" aria-required=\"true\" aria-invalid=\"false\" placeholder=\"Votre Ville\" value=\"\" type=\"text\" name=\"your-address\" \/><\/span>\n\t\t<\/p>\n\t<\/div>\n\t<p><span class=\"wpcf7-form-control-wrap\" data-name=\"Votreprojet\"><span class=\"wpcf7-form-control wpcf7-checkbox wpcf7-validates-as-required wpcf7-exclusive-checkbox\"><span class=\"wpcf7-list-item first\"><label><span class=\"wpcf7-list-item-label\">Cuisines<\/span><input type=\"checkbox\" name=\"Votreprojet\" value=\"Cuisines\" \/><\/label><\/span><span class=\"wpcf7-list-item\"><label><span class=\"wpcf7-list-item-label\">Dressing<\/span><input type=\"checkbox\" name=\"Votreprojet\" value=\"Dressing\" \/><\/label><\/span><span class=\"wpcf7-list-item last\"><label><span class=\"wpcf7-list-item-label\">Accessoires<\/span><input type=\"checkbox\" name=\"Votreprojet\" value=\"Accessoires\" \/><\/label><\/span><\/span><\/span>\n\t<\/p>\n\t<p><span class=\"wpcf7-form-control-wrap\" data-name=\"Message\"><input size=\"40\" maxlength=\"400\" class=\"wpcf7-form-control wpcf7-text\" aria-invalid=\"false\" placeholder=\"Message\" value=\"\" type=\"text\" name=\"Message\" \/><\/span>\n\t<\/p>\n\t<p><input class=\"wpcf7-form-control wpcf7-submit has-spinner\" type=\"submit\" value=\"Demander un devis\" \/>\n\t<\/p>\n<\/div><div class=\"wpcf7-response-output\" aria-hidden=\"true\"><\/div>\n<\/form>\n<\/div>\n[\/vc_column][vc_column width=&#8221;1\/2&#8243; css=&#8221;.vc_custom_1553346526077{padding-right: 6% !important;padding-left: 6% !important;background-color: #41484e !important;}&#8221;][vc_empty_space height=&#8221;92px&#8221; emsmh=&#8221;40px&#8221;][vc_custom_heading text=&#8221;\u00c0 quoi s&#8217;attendre de votre rendez-vous gratuit&#8221; font_container=&#8221;tag:h2|text_align:left|color:%23ffffff&#8221; use_theme_fonts=&#8221;yes&#8221; el_class=&#8221;tin&#8221;][vc_custom_heading text=&#8221;Un expert vous contactera aux horaires demand\u00e9s. Vous allez discuter \u00e0 propos de votre projets de r\u00eaves. Vos attentes serons nos engagements.<br \/>\nApr\u00e8s, vous allez fixer un rendez-vous sur place afin de prendre les mesures de votre cuisine et vous envoyer votre design avec devis gratuitement.&#8221; font_container=&#8221;tag:p|text_align:left|color:%23ffffff&#8221; use_theme_fonts=&#8221;yes&#8221;][vc_empty_space height=&#8221;35px&#8221;][argu_icon_text_left textnoborder_left=&#8221;noborder&#8221; iconsmall_left=&#8221;small&#8221; firstline_left=&#8221;Devis 100% gratuit.&#8221; icon_text_left=&#8221;fa-check-square-o&#8221; iconcolor_left=&#8221;#d5ac63&#8243; icontitle_left=&#8221;#ffffff&#8221;][\/argu_icon_text_left][argu_icon_text_left textnoborder_left=&#8221;noborder&#8221; iconsmall_left=&#8221;small&#8221; firstline_left=&#8221;Plan 3D Gratuit&#8221; icon_text_left=&#8221;fa-check-square-o&#8221; iconcolor_left=&#8221;#d5ac63&#8243; icontitle_left=&#8221;#ffffff&#8221;][\/argu_icon_text_left][argu_icon_text_left textnoborder_left=&#8221;noborder&#8221; iconsmall_left=&#8221;small&#8221; firstline_left=&#8221;jusqu&#8217;au 30% de r\u00e9duction&#8221; icon_text_left=&#8221;fa-check-square-o&#8221; iconcolor_left=&#8221;#d5ac63&#8243; icontitle_left=&#8221;#ffffff&#8221;][\/argu_icon_text_left][argu_icon_text_left textnoborder_left=&#8221;noborder&#8221; iconsmall_left=&#8221;small&#8221; firstline_left=&#8221;Avec Un Cadeau Offert&#8221; icon_text_left=&#8221;fa-check-square-o&#8221; iconcolor_left=&#8221;#d5ac63&#8243; icontitle_left=&#8221;#ffffff&#8221;][\/argu_icon_text_left][vc_empty_space height=&#8221;20px&#8221; emsmh=&#8221;30px&#8221;][vc_single_image image=&#8221;3445&#8243; img_size=&#8221;full&#8221;][vc_empty_space height=&#8221;20px&#8221; emsmh=&#8221;40px&#8221;][\/vc_column][\/vc_row]<\/p>\n","protected":false},"excerpt":{"rendered":"<p>[vc_row equal_height=&#8221;yes&#8221; up_bg_fix=&#8221;yes&#8221; css=&#8221;.vc_custom_1553346701812{background-image: url(http:\/\/argukitchen.useful-pixels.com\/wp-content\/uploads\/2016\/01\/argup13.jpg?id=2731) !important;background-position: center !important;background-repeat: no-repeat !important;background-size: cover !important;}&#8221; up_overlay_row=&#8221;rgba(31,40,47,0.9)&#8221; el_class=&#8221;shadow&#8221;][vc_column width=&#8221;1\/2&#8243; el_class=&#8221;no padding&#8221; css=&#8221;.vc_custom_1551108904744{padding-top: 10% !important;padding-right: 6% !important;padding-bottom: 10% !important;padding-left: 6% !important;background-color: #ffffff !important;}&#8221;][\/vc_column][vc_column width=&#8221;1\/2&#8243; css=&#8221;.vc_custom_1553346526077{padding-right: 6% !important;padding-left: 6% !important;background-color: #41484e !important;}&#8221;][vc_empty_space height=&#8221;92px&#8221; emsmh=&#8221;40px&#8221;][vc_custom_heading text=&#8221;\u00c0 quoi s&#8217;attendre de votre rendez-vous gratuit&#8221; font_container=&#8221;tag:h2|text_align:left|color:%23ffffff&#8221; use_theme_fonts=&#8221;yes&#8221; el_class=&#8221;tin&#8221;][vc_custom_heading text=&#8221;Un expert vous contactera aux horaires demand\u00e9s. Vous allez discuter \u00e0 propos de votre projets de r\u00eaves. Vos attentes serons nos engagements. Apr\u00e8s, vous allez fixer un rendez-vous sur place afin de prendre les mesures de votre cuisine et vous envoyer votre design avec devis gratuitement.&#8221; font_container=&#8221;tag:p|text_align:left|color:%23ffffff&#8221; use_theme_fonts=&#8221;yes&#8221;][vc_empty_space height=&#8221;35px&#8221;][argu_icon_text_left textnoborder_left=&#8221;noborder&#8221; iconsmall_left=&#8221;small&#8221; firstline_left=&#8221;Devis &hellip; <a href=\"https:\/\/interioredesign.ma\/?page_id=2820\">Continued<\/a><\/p>\n","protected":false},"author":1,"featured_media":0,"parent":0,"menu_order":0,"comment_status":"closed","ping_status":"closed","template":"page-fullwidth.php","meta":{"footnotes":""},"class_list":["post-2820","page","type-page","status-publish","hentry"],"yoast_head":"<!-- This site is optimized with the Yoast SEO plugin v27.5 - https:\/\/yoast.com\/product\/yoast-seo-wordpress\/ -->\n<title>Devis - Interiore Design<\/title>\n<meta name=\"robots\" content=\"index, follow, max-snippet:-1, max-image-preview:large, max-video-preview:-1\" \/>\n<link rel=\"canonical\" href=\"https:\/\/interioredesign.ma\/?page_id=2820\" \/>\n<meta property=\"og:locale\" content=\"fr_FR\" \/>\n<meta property=\"og:type\" content=\"article\" \/>\n<meta property=\"og:title\" content=\"Devis - Interiore Design\" \/>\n<meta property=\"og:description\" content=\"[vc_row equal_height=&#8221;yes&#8221; up_bg_fix=&#8221;yes&#8221; css=&#8221;.vc_custom_1553346701812{background-image: url(http:\/\/argukitchen.useful-pixels.com\/wp-content\/uploads\/2016\/01\/argup13.jpg?id=2731) !important;background-position: center !important;background-repeat: no-repeat !important;background-size: cover !important;}&#8221; up_overlay_row=&#8221;rgba(31,40,47,0.9)&#8221; el_class=&#8221;shadow&#8221;][vc_column width=&#8221;1\/2&#8243; el_class=&#8221;no padding&#8221; css=&#8221;.vc_custom_1551108904744{padding-top: 10% !important;padding-right: 6% !important;padding-bottom: 10% !important;padding-left: 6% !important;background-color: #ffffff !important;}&#8221;][\/vc_column][vc_column width=&#8221;1\/2&#8243; css=&#8221;.vc_custom_1553346526077{padding-right: 6% !important;padding-left: 6% !important;background-color: #41484e !important;}&#8221;][vc_empty_space height=&#8221;92px&#8221; emsmh=&#8221;40px&#8221;][vc_custom_heading text=&#8221;\u00c0 quoi s&#8217;attendre de votre rendez-vous gratuit&#8221; font_container=&#8221;tag:h2|text_align:left|color:%23ffffff&#8221; use_theme_fonts=&#8221;yes&#8221; el_class=&#8221;tin&#8221;][vc_custom_heading text=&#8221;Un expert vous contactera aux horaires demand\u00e9s. Vous allez discuter \u00e0 propos de votre projets de r\u00eaves. Vos attentes serons nos engagements. Apr\u00e8s, vous allez fixer un rendez-vous sur place afin de prendre les mesures de votre cuisine et vous envoyer votre design avec devis gratuitement.&#8221; font_container=&#8221;tag:p|text_align:left|color:%23ffffff&#8221; use_theme_fonts=&#8221;yes&#8221;][vc_empty_space height=&#8221;35px&#8221;][argu_icon_text_left textnoborder_left=&#8221;noborder&#8221; iconsmall_left=&#8221;small&#8221; firstline_left=&#8221;Devis &hellip; Continued\" \/>\n<meta property=\"og:url\" content=\"https:\/\/interioredesign.ma\/?page_id=2820\" \/>\n<meta property=\"og:site_name\" content=\"Interiore Design\" \/>\n<meta property=\"article:publisher\" content=\"https:\/\/www.facebook.com\/profile.php?id=61557614057930&amp;mibextid=ZbWKwL\" \/>\n<meta property=\"article:modified_time\" content=\"2024-05-15T15:48:35+00:00\" \/>\n<meta property=\"og:image\" content=\"https:\/\/interioredesign.ma\/wp-content\/uploads\/2024\/04\/20230430_204034_0000-removebg-preview-e1712284753188.png\" \/>\n\t<meta property=\"og:image:width\" content=\"180\" \/>\n\t<meta property=\"og:image:height\" content=\"183\" \/>\n\t<meta property=\"og:image:type\" content=\"image\/png\" \/>\n<meta name=\"twitter:card\" content=\"summary_large_image\" \/>\n<meta name=\"twitter:label1\" content=\"Dur\u00e9e de lecture estim\u00e9e\" \/>\n\t<meta name=\"twitter:data1\" content=\"1 minute\" \/>\n<script type=\"application\/ld+json\" class=\"yoast-schema-graph\">{\"@context\":\"https:\\\/\\\/schema.org\",\"@graph\":[{\"@type\":\"WebPage\",\"@id\":\"https:\\\/\\\/interioredesign.ma\\\/?page_id=2820\",\"url\":\"https:\\\/\\\/interioredesign.ma\\\/?page_id=2820\",\"name\":\"Devis - Interiore Design\",\"isPartOf\":{\"@id\":\"https:\\\/\\\/interioredesign.ma\\\/#website\"},\"datePublished\":\"2019-02-14T13:20:56+00:00\",\"dateModified\":\"2024-05-15T15:48:35+00:00\",\"breadcrumb\":{\"@id\":\"https:\\\/\\\/interioredesign.ma\\\/?page_id=2820#breadcrumb\"},\"inLanguage\":\"fr-FR\",\"potentialAction\":[{\"@type\":\"ReadAction\",\"target\":[\"https:\\\/\\\/interioredesign.ma\\\/?page_id=2820\"]}]},{\"@type\":\"BreadcrumbList\",\"@id\":\"https:\\\/\\\/interioredesign.ma\\\/?page_id=2820#breadcrumb\",\"itemListElement\":[{\"@type\":\"ListItem\",\"position\":1,\"name\":\"Accueil\",\"item\":\"https:\\\/\\\/interioredesign.ma\\\/\"},{\"@type\":\"ListItem\",\"position\":2,\"name\":\"Devis\"}]},{\"@type\":\"WebSite\",\"@id\":\"https:\\\/\\\/interioredesign.ma\\\/#website\",\"url\":\"https:\\\/\\\/interioredesign.ma\\\/\",\"name\":\"Cuisine & Dressing Sur Mesure\",\"description\":\"Des Cuisines Pour La Vie\",\"publisher\":{\"@id\":\"https:\\\/\\\/interioredesign.ma\\\/#organization\"},\"potentialAction\":[{\"@type\":\"SearchAction\",\"target\":{\"@type\":\"EntryPoint\",\"urlTemplate\":\"https:\\\/\\\/interioredesign.ma\\\/?s={search_term_string}\"},\"query-input\":{\"@type\":\"PropertyValueSpecification\",\"valueRequired\":true,\"valueName\":\"search_term_string\"}}],\"inLanguage\":\"fr-FR\"},{\"@type\":\"Organization\",\"@id\":\"https:\\\/\\\/interioredesign.ma\\\/#organization\",\"name\":\"Interiore Design\",\"url\":\"https:\\\/\\\/interioredesign.ma\\\/\",\"logo\":{\"@type\":\"ImageObject\",\"inLanguage\":\"fr-FR\",\"@id\":\"https:\\\/\\\/interioredesign.ma\\\/#\\\/schema\\\/logo\\\/image\\\/\",\"url\":\"https:\\\/\\\/interioredesign.ma\\\/wp-content\\\/uploads\\\/2024\\\/04\\\/cropped-20230430_204034_0000-removebg-preview-e1712284753188.png\",\"contentUrl\":\"https:\\\/\\\/interioredesign.ma\\\/wp-content\\\/uploads\\\/2024\\\/04\\\/cropped-20230430_204034_0000-removebg-preview-e1712284753188.png\",\"width\":512,\"height\":512,\"caption\":\"Interiore Design\"},\"image\":{\"@id\":\"https:\\\/\\\/interioredesign.ma\\\/#\\\/schema\\\/logo\\\/image\\\/\"},\"sameAs\":[\"https:\\\/\\\/www.facebook.com\\\/profile.php?id=61557614057930&mibextid=ZbWKwL\",\"https:\\\/\\\/www.tiktok.com\\\/@interiore.design?_t=8lMy0e8fQgv&_r=1\",\"https:\\\/\\\/www.instagram.com\\\/interioredesigne23?igsh=a3l1N3p2ODQxdHN4\"]}]}<\/script>\n<!-- \/ Yoast SEO plugin. -->","yoast_head_json":{"title":"Devis - Interiore Design","robots":{"index":"index","follow":"follow","max-snippet":"max-snippet:-1","max-image-preview":"max-image-preview:large","max-video-preview":"max-video-preview:-1"},"canonical":"https:\/\/interioredesign.ma\/?page_id=2820","og_locale":"fr_FR","og_type":"article","og_title":"Devis - Interiore Design","og_description":"[vc_row equal_height=&#8221;yes&#8221; up_bg_fix=&#8221;yes&#8221; css=&#8221;.vc_custom_1553346701812{background-image: url(http:\/\/argukitchen.useful-pixels.com\/wp-content\/uploads\/2016\/01\/argup13.jpg?id=2731) !important;background-position: center !important;background-repeat: no-repeat !important;background-size: cover !important;}&#8221; up_overlay_row=&#8221;rgba(31,40,47,0.9)&#8221; el_class=&#8221;shadow&#8221;][vc_column width=&#8221;1\/2&#8243; el_class=&#8221;no padding&#8221; css=&#8221;.vc_custom_1551108904744{padding-top: 10% !important;padding-right: 6% !important;padding-bottom: 10% !important;padding-left: 6% !important;background-color: #ffffff !important;}&#8221;][\/vc_column][vc_column width=&#8221;1\/2&#8243; css=&#8221;.vc_custom_1553346526077{padding-right: 6% !important;padding-left: 6% !important;background-color: #41484e !important;}&#8221;][vc_empty_space height=&#8221;92px&#8221; emsmh=&#8221;40px&#8221;][vc_custom_heading text=&#8221;\u00c0 quoi s&#8217;attendre de votre rendez-vous gratuit&#8221; font_container=&#8221;tag:h2|text_align:left|color:%23ffffff&#8221; use_theme_fonts=&#8221;yes&#8221; el_class=&#8221;tin&#8221;][vc_custom_heading text=&#8221;Un expert vous contactera aux horaires demand\u00e9s. Vous allez discuter \u00e0 propos de votre projets de r\u00eaves. Vos attentes serons nos engagements. Apr\u00e8s, vous allez fixer un rendez-vous sur place afin de prendre les mesures de votre cuisine et vous envoyer votre design avec devis gratuitement.&#8221; font_container=&#8221;tag:p|text_align:left|color:%23ffffff&#8221; use_theme_fonts=&#8221;yes&#8221;][vc_empty_space height=&#8221;35px&#8221;][argu_icon_text_left textnoborder_left=&#8221;noborder&#8221; iconsmall_left=&#8221;small&#8221; firstline_left=&#8221;Devis &hellip; Continued","og_url":"https:\/\/interioredesign.ma\/?page_id=2820","og_site_name":"Interiore Design","article_publisher":"https:\/\/www.facebook.com\/profile.php?id=61557614057930&mibextid=ZbWKwL","article_modified_time":"2024-05-15T15:48:35+00:00","og_image":[{"width":180,"height":183,"url":"https:\/\/interioredesign.ma\/wp-content\/uploads\/2024\/04\/20230430_204034_0000-removebg-preview-e1712284753188.png","type":"image\/png"}],"twitter_card":"summary_large_image","twitter_misc":{"Dur\u00e9e de lecture estim\u00e9e":"1 minute"},"schema":{"@context":"https:\/\/schema.org","@graph":[{"@type":"WebPage","@id":"https:\/\/interioredesign.ma\/?page_id=2820","url":"https:\/\/interioredesign.ma\/?page_id=2820","name":"Devis - Interiore Design","isPartOf":{"@id":"https:\/\/interioredesign.ma\/#website"},"datePublished":"2019-02-14T13:20:56+00:00","dateModified":"2024-05-15T15:48:35+00:00","breadcrumb":{"@id":"https:\/\/interioredesign.ma\/?page_id=2820#breadcrumb"},"inLanguage":"fr-FR","potentialAction":[{"@type":"ReadAction","target":["https:\/\/interioredesign.ma\/?page_id=2820"]}]},{"@type":"BreadcrumbList","@id":"https:\/\/interioredesign.ma\/?page_id=2820#breadcrumb","itemListElement":[{"@type":"ListItem","position":1,"name":"Accueil","item":"https:\/\/interioredesign.ma\/"},{"@type":"ListItem","position":2,"name":"Devis"}]},{"@type":"WebSite","@id":"https:\/\/interioredesign.ma\/#website","url":"https:\/\/interioredesign.ma\/","name":"Cuisine & Dressing Sur Mesure","description":"Des Cuisines Pour La Vie","publisher":{"@id":"https:\/\/interioredesign.ma\/#organization"},"potentialAction":[{"@type":"SearchAction","target":{"@type":"EntryPoint","urlTemplate":"https:\/\/interioredesign.ma\/?s={search_term_string}"},"query-input":{"@type":"PropertyValueSpecification","valueRequired":true,"valueName":"search_term_string"}}],"inLanguage":"fr-FR"},{"@type":"Organization","@id":"https:\/\/interioredesign.ma\/#organization","name":"Interiore Design","url":"https:\/\/interioredesign.ma\/","logo":{"@type":"ImageObject","inLanguage":"fr-FR","@id":"https:\/\/interioredesign.ma\/#\/schema\/logo\/image\/","url":"https:\/\/interioredesign.ma\/wp-content\/uploads\/2024\/04\/cropped-20230430_204034_0000-removebg-preview-e1712284753188.png","contentUrl":"https:\/\/interioredesign.ma\/wp-content\/uploads\/2024\/04\/cropped-20230430_204034_0000-removebg-preview-e1712284753188.png","width":512,"height":512,"caption":"Interiore Design"},"image":{"@id":"https:\/\/interioredesign.ma\/#\/schema\/logo\/image\/"},"sameAs":["https:\/\/www.facebook.com\/profile.php?id=61557614057930&mibextid=ZbWKwL","https:\/\/www.tiktok.com\/@interiore.design?_t=8lMy0e8fQgv&_r=1","https:\/\/www.instagram.com\/interioredesigne23?igsh=a3l1N3p2ODQxdHN4"]}]}},"_links":{"self":[{"href":"https:\/\/interioredesign.ma\/index.php?rest_route=\/wp\/v2\/pages\/2820","targetHints":{"allow":["GET"]}}],"collection":[{"href":"https:\/\/interioredesign.ma\/index.php?rest_route=\/wp\/v2\/pages"}],"about":[{"href":"https:\/\/interioredesign.ma\/index.php?rest_route=\/wp\/v2\/types\/page"}],"author":[{"embeddable":true,"href":"https:\/\/interioredesign.ma\/index.php?rest_route=\/wp\/v2\/users\/1"}],"replies":[{"embeddable":true,"href":"https:\/\/interioredesign.ma\/index.php?rest_route=%2Fwp%2Fv2%2Fcomments&post=2820"}],"version-history":[{"count":9,"href":"https:\/\/interioredesign.ma\/index.php?rest_route=\/wp\/v2\/pages\/2820\/revisions"}],"predecessor-version":[{"id":4496,"href":"https:\/\/interioredesign.ma\/index.php?rest_route=\/wp\/v2\/pages\/2820\/revisions\/4496"}],"wp:attachment":[{"href":"https:\/\/interioredesign.ma\/index.php?rest_route=%2Fwp%2Fv2%2Fmedia&parent=2820"}],"curies":[{"name":"wp","href":"https:\/\/api.w.org\/{rel}","templated":true}]}}